2) to base 7
-14651
101011 (base 6) to base 7
32215
What is -146 (base 9) in base 15?
-83
Convert -1820 (base 10) to base 3.
-2111102
-278c (base 14) to base 16
-1b48
Convert -a51 (base 16) to base 2.
-101001010001
What is -3 (base 15) in base 6?
-3
What is 7174 (base 9) in base 2?
1010010000011
Convert 236 (base 9) to base 8.
303
What is -114 (base 6) in base 14?
-34
What is -4774 (base 16) in base 4?
-10131310
Convert -245 (base 10) to base 9.
-302
What is -58a (base 12) in base 10?
-826
What is 13103 (base 4) in base 3?
122022
What is 2157 (base 10) in base 16?
86d
21b7 (base 13) to base 14
1a09
What is -20212 (base 5) in base 3?
-1210102
-20101132 (base 4) to base 8
-102136
What is 402314 (base 6) in base 13?
1153c
Convert 102100001 (base 3) to base 6.
102131
Convert -345 (base 8) to base 13.
-148
Convert bb0 (base 14) to base 11.
1810
-210013 (base 5) to base 3
-100102221
-5530 (base 8) to base 6
-21240
What is 2262 (base 15) in base 14?
292c
What is 11101001100000 (base 2) in base 16?
3a60
4e6e (base 15) to base 8
40562
2d27 (base 15) to base 14
377a
What is -44019 (base 10) in base 4?
-22233303
What is -101001100 (base 3) in base 4?
-1302132
-597 (base 12) to base 7
-2302
66b (base 16) to base 6
11335
What is -1001000101 (base 2) in base 4?
-21011
What is -2124 (base 5) in base 16?
-121
Convert 6236 (base 9) to base 2.
1000111011001
Convert -5123 (base 10) to base 12.
-2b6b
Convert d847 (base 14) to base 11.
26032
What is -10100000010 (base 2) in base 5?
-20112
What is -117 (base 15) in base 16?
-f7
23002 (base 4) to base 13
424
Convert -11221100 (base 3) to base 6.
-24400
2040143 (base 5) to base 12
17686
Convert 2b0 (base 16) to base 15.
30d
What is 1042422 (base 5) in base 11?
12987
6699 (base 14) to base 12
a353
-110000100100 (base 2) to base 8
-6044
Convert -4302 (base 15) to base 6.
-145345
1401042 (base 6) to base 2
10011000010110010
What is 1020111 (base 3) in base 12?
634
1ac (base 14) to base 15
183
Convert 6 (base 14) to base 12.
6
What is -1223020 (base 4) in base 10?
-6856
Convert 121405 (base 6) to base 16.
29ed
Convert 4a5 (base 14) to base 12.
655
What is -7523 (base 8) in base 7?
-14303
13201 (base 7) to base 14
1401
What is 52401 (base 6) in base 2?
1101110010001
Convert -3658 (base 11) to base 8.
-11256
-1011111010 (base 2) to base 6
-3310
-10111101 (base 2) to base 13
-117
-2775 (base 8) to base 5
-22113
Convert -640 (base 13) to base 9.
-1414
-8957 (base 10) to base 7
-35054
Convert -12bb (base 16) to base 10.
-4795
What is 561 (base 7) in base 14?
168
Convert 1140 (base 6) to base 12.
1b0
-8b15 (base 12) to base 8
-36101
-121021 (base 3) to base 12
-307
What is -b564 (base 13) in base 14?
-9206
Convert -10031133 (base 4) to base 3.
-212122210
What is -236 (base 8) in base 16?
-9e
Convert 37a (base 16) to base 11.
73a
Convert -2319 (base 16) to base 9.
-13283
Convert -2926 (base 11) to base 6.
-25255
250 (base 7) to base 10
133
What is -12220 (base 5) in base 6?
-4155
What is -24324 (base 7) in base 12?
-3803
-1201100100 (base 3) to base 13
-124bc
Convert -20241 (base 8) to base 13.
-3a57
Convert -3641 (base 8) to base 10.
-1953
What is 731 (base 14) in base 11?
1077
What is -142b (base 14) in base 12?
-2093
Convert -20739 (base 11) to base 5.
-1431141
Convert -b89e (base 16) to base 3.
-2101211110
10332 (base 8) to base 2
1000011011010
What is 33300332 (base 4) in base 10?
64574
Convert -9d (base 15) to base 10.
-148
What is -1b0 (base 15) in base 16?
-186
Convert 10002212212 (base 3) to base 10.
61151
Convert 236 (base 13) to base 5.
3013
Convert 17b (base 16) to base 3.
112001
What is -1078 (base 12) in base 13?
-aa0
What is -14163 (base 7) in base 9?
-5266
-4220 (base 10) to base 6
-31312
-26b (base 13) to base 14
-227
What is 108 (base 16) in base 15?
129
Convert 265 (base 15) to base 3.
202012
Convert b9 (base 15) to base 13.
105
What is -83a (base 11) in base 15?
-476
-121200 (base 3) to base 10
-450
Convert -474 (base 13) to base 8.
-1403
-315344 (base 6) to base 3
-1022110001
What is 2772 (base 8) in base 2?
10111111010
Convert -672 (base 14) to base 3.
-1202021
What is -111222 (base 5) in base 11?
-2a5a
Convert -2872 (base 9) to base 7.
-6221
What is 14232 (base 5) in base 7?
3322
What is -2968 (base 11) in base 5?
-110300
Convert -1b (base 14) to base 12.
-21
-452 (base 7) to base 4
-3221
What is 11a64 (base 11) in base 8?
41544
ed (base 15) to base 13
142
-110101000 (base 2) to base 11
-356
Convert -9597 (base 10) to base 3.
-111011110
What is -1396 (base 10) in base 2?
-10101110100
146503 (base 7) to base 10
28717
Convert 160 (base 15) to base 13.
1b3
What is 141034 (base 7) in base 11?
19135
Convert 641 (base 12) to base 8.
1621
What is -a2 (base 14) in base 11?
-11a
-12333 (base 4) to base 8
-677
Convert -20023 (base 4) to base 2.
-1000001011
-330431 (base 5) to base 8
-26146
What is 2ba0 (base 12) in base 8?
12050
Convert 110020 (base 5) to base 4.
322300
What is e74 (base 15) in base 14?
128b
5ea9 (base 16) to base 11
17230
Convert -163d1 (base 14) to base 11.
-388a2
Convert -151404 (base 6) to base 13.
-6868
What is -ba76 (base 12) in base 14?
-76b0
Convert 562 (base 14) to base 4.
100222
Convert -200221121 (base 3) to base 14.
-5069
Convert 15474 (base 10) to base 13.
7074
100062 (base 7) to base 10
16851
Convert -1053 (base 6) to base 11.
-207
-1101000100011 (base 2) to base 5
-203231
What is -1327 (base 13) in base 16?
-ab1
What is -219 (base 11) in base 6?
-1114
What is -2511 (base 6) in base 10?
-619
Convert -5001 (base 7) to base 14.
-8a8
14758 (base 12) to base 14
a67a
-622 (base 9) to base 16
-1fa
-1a7 (base 11) to base 12
-17a
-6422 (base 11) to base 16
-212e
65 (base 12) to base 3
2212
Convert 83b (base 12) to base 6.
5315
What is -338 (base 14) in base 2?
-1001111110
Convert 900 (base 10) to base 5.
12100
-12394 (base 13) to base 16
-832f
-2ec (base 15) to base 13
-3c9
Convert -22022 (base 6) to base 4.
-233132
aa98 (base 11) to base 14
548b
1100000111 (base 2) to base 10
775
Convert -329 (base 14) to base 9.
-764
What is 109 (base 11) in base 8?
202
Convert -1232341 (base 5) to base 4.
-11320200
What is 10101101100 (base 2) in base 14?
712
100001010 (base 2) to base 14
150
Convert -2178 (base 11) to base 5.
-42433
100225 (base 6) to base 3
101210022
What is -75a5 (base 13) in base 15?
-4ca9
-65177 (base 8) to base 9
-41352
Convert 784 (base 15) to base 2.
11010100011
What is 252 (base 13) in base 12?
299
What is c283 (base 16) in base 3?
2112022021
Convert -21264 (base 7) to base 16.
-14a9
What is 243502 (base 6) in base 5?
1142231
What is -3040 (base 6) in base 10?
-672
What is 2238 (base 11) in base 6?
21345
What is -5043 (base 11) in base 6?
-51010
What is 181 (base 16) in base 13?
238
Convert 11532 (base 11) to base 4.
10003210
-12110 (base 11) to base 13
-7c22
Convert -11558 (base 12) to base 7.
-124535
What is -115 (base 14) in base 13?
-137
130 (base 14) to base 11
1a7
What is -683 (base 13) in base 15?
-4eb
Convert -1314 (base 6) to base 16.
-14e
What is -2d3 (base 16) in base 7?
-2052
Convert -1010101 (base 2) to base 8.
-125
374 (base 13) to base 16
25a
Convert -4221 (base 5) to base 15.
-276
-1ab4 (base 12) to base 10
-3304
What is 1248 (base 11) in base 6?
11305
What is -1221201 (base 3) in base 11?
-1084
What is -10010001111110010 (base 2) in base 15?
-17228
-352 (base 15) to base 8
-1360
332201 (base 4) to base 3
12111012
48320 (base 10) to base 12
23b68
Convert -11423 (base 5) to base 8.
-1537
Convert -596 (base 11) to base 10.
-710
Convert -1125 (base 7) to base 11.
-344
-6502 (base 7) to base 13
-1084
Convert -b28 (base 13) to base 6.
-12433
Convert 22b (base 15) to base 13.
2ba
What is -6242 (base 8) in base 6?
-22550
What is -280 (base 12) in base 5?
-3014
What is -31354 (base 6) in base 8?
-10226
Convert 1001010110110 (base 2) to base 4.
1022312
-503 (base 8) to base 15
-168
-123131 (base 4) to base 3
-2102002
Convert 21233 (base 4) to base 11.
517
Convert 7d3 (base 14) to base 12.
a99
Convert 13781 (base 14) to base 7.
260221
2fef (base 16) to base 3
121211111
-423314 (base 5) to base 11
-a748
5215 (base 8) to base 9
3631
What is -1a02a (base 11) in base 15?
-8458
Convert 2545 (base 16) to base 10.
9541
-1cc (base 16) to base 10
-460
What is 2877 (base 9) in ba